{"id":422,"date":"2016-10-20T12:09:35","date_gmt":"2016-10-20T12:09:35","guid":{"rendered":"http:\/\/www.kmse.se\/index\/?page_id=422"},"modified":"2025-11-30T09:00:07","modified_gmt":"2025-11-30T08:00:07","slug":"om-oss","status":"publish","type":"page","link":"http:\/\/www.kmse.se\/index\/om-oss\/","title":{"rendered":"Om oss"},"content":{"rendered":"<div class=\"wpb-content-wrapper\"><p>[vc_row border=&#8221;&#8221; css=&#8221;.vc_custom_1478874416084{background-position: 0 0 !important;background-repeat: no-repeat !important;}&#8221;][vc_column width=&#8221;1\/2&#8243;][vc_column_text css=&#8221;&#8221;]<\/p>\n<p style=\"text-align: justify;\">KMSE \u00e4r exklusivt auktoriserad och rikst\u00e4ckande f\u00f6retag. Vi skapar v\u00e4rde genom att tillhandah\u00e5lla branchens b\u00e4sta kunskap, maskiner och service. V\u00e5ra kunder \u00e4r alltid i centrum.<\/p>\n<p style=\"text-align: justify;\">Vi p\u00e5 KMSE s\u00e4krar v\u00e5ra kunders framg\u00e5ng och tillhandah\u00e5lla b\u00e4sta support och tillf\u00f6rlitliga l\u00f6sningar.<\/p>\n<p>[\/vc_column_text][\/vc_column][vc_column width=&#8221;1\/2&#8243; css=&#8221;.vc_custom_1479226465554{border-right-width: 60px !important;padding-left: 60px !important;}&#8221;][vc_column_text css=&#8221;&#8221;]<\/p>\n<p style=\"text-align: justify;\">Varje dag tillkommer nya kunder som vill starta nya projekt. Feedbacken fr\u00e5n dem \u00e4r att vi \u00e4r innovativa, anpassningsbara och prisv\u00e4rda.<\/p>\n<p style=\"text-align: justify;\">Vi m\u00e4rker markant att en nischad k\u00f6p och s\u00e4ljmarknad som \u00e4r relevant och andas nutid efterfr\u00e5gas mer och mer.<\/p>\n<p>[\/vc_column_text][\/vc_column][\/vc_row][vc_row][vc_column][vc_empty_space alter_height=&#8221;big&#8221; hide_on_mobile=&#8221;&#8221;][vc_empty_space height=&#8221;0.4333em&#8221; alter_height=&#8221;none&#8221; hide_on_mobile=&#8221;&#8221;][\/vc_column][\/vc_row][vc_row full_width=&#8221;stretch_row&#8221; border=&#8221;light&#8221; css=&#8221;.vc_custom_1701007772154{background-image: url(http:\/\/www.kmse.se\/index\/wp-content\/uploads\/2023\/11\/Start_013.png?id=1397) !important;}&#8221;][vc_column][vc_empty_space alter_height=&#8221;huge&#8221; hide_on_mobile=&#8221;&#8221;][vc_empty_space height=&#8221;0.0333em&#8221; alter_height=&#8221;none&#8221; hide_on_mobile=&#8221;&#8221;][vc_custom_heading text=&#8221;L\u00e4r dig mer om v\u00e5r&#8221; font_container=&#8221;tag:h2|font_size:13px|text_align:center|color:%23df7a25&#8243; use_theme_fonts=&#8221;yes&#8221; css=&#8221;.vc_custom_1701008005088{margin-top: 0px !important;margin-bottom: 0px !important;}&#8221; el_class=&#8221;custom_letter_spacing_2px&#8221;][vc_empty_space height=&#8221;0.85em&#8221; alter_height=&#8221;none&#8221; hide_on_mobile=&#8221;&#8221;][vc_separator color=&#8221;custom&#8221; el_width=&#8221;20&#8243; css=&#8221;.vc_custom_1479117310174{margin-top: 0px !important;margin-bottom: 0px !important;}&#8221; accent_color=&#8221;#645a4d&#8221;][vc_empty_space height=&#8221;1em&#8221; alter_height=&#8221;none&#8221; hide_on_mobile=&#8221;&#8221;][vc_custom_heading text=&#8221;Bearbeta&#8221; font_container=&#8221;tag:h1|font_size:55px|text_align:center|color:%23ffffff&#8221; use_theme_fonts=&#8221;yes&#8221; css=&#8221;.vc_custom_1701007888988{margin-top: 0px !important;margin-bottom: 0px !important;}&#8221;][vc_empty_space height=&#8221;0.8rem&#8221; alter_height=&#8221;small&#8221; hide_on_mobile=&#8221;&#8221;][vc_empty_space height=&#8221;0.35em&#8221; alter_height=&#8221;none&#8221; hide_on_mobile=&#8221;&#8221;][vc_empty_space alter_height=&#8221;huge&#8221; hide_on_mobile=&#8221;&#8221;][vc_empty_space height=&#8221;2.15em&#8221; alter_height=&#8221;none&#8221; hide_on_mobile=&#8221;&#8221;][\/vc_column][\/vc_row][vc_row][vc_column][vc_empty_space alter_height=&#8221;big&#8221; hide_on_mobile=&#8221;&#8221;][vc_empty_space height=&#8221;2.95em&#8221; alter_height=&#8221;none&#8221; hide_on_mobile=&#8221;&#8221;][\/vc_column][\/vc_row][vc_row][vc_column][vc_column_text css=&#8221;&#8221;]Vi erbjuder b\u00e4sta kunskap, maskiner &amp; service &amp; alltid med kunden i centrum. Skicka enkelt en offertf\u00f6rfr\u00e5gan till oss p\u00e5 din nya projekt redan idag.<\/p>\n<p>Vi finns f\u00f6r att hj\u00e4lpa er med gr\u00e4v mm.. Tveka inte att kontakta oss om ni har n\u00e5gra fr\u00e5gor.[\/vc_column_text][\/vc_column][\/vc_row][vc_row][vc_column][vc_empty_space alter_height=&#8221;big&#8221; hide_on_mobile=&#8221;&#8221;][vc_empty_space height=&#8221;0.4333em&#8221; alter_height=&#8221;none&#8221; hide_on_mobile=&#8221;&#8221;][\/vc_column][\/vc_row]<\/p>\n<\/div>","protected":false},"excerpt":{"rendered":"<p>[vc_row border=&#8221;&#8221; css=&#8221;.vc_custom_1478874416084{background-position: 0 0 !important;background-repeat: no-repeat !important;}&#8221;][vc_column width=&#8221;1\/2&#8243;][vc_column_text css=&#8221;&#8221;] KMSE \u00e4r exklusivt auktoriserad och rikst\u00e4ckande f\u00f6retag. Vi skapar v\u00e4rde genom att tillhandah\u00e5lla branchens b\u00e4sta kunskap, maskiner och service. V\u00e5ra kunder \u00e4r alltid i centrum.&hellip;<\/p>\n","protected":false},"author":1,"featured_media":1559,"parent":0,"menu_order":0,"comment_status":"closed","ping_status":"closed","template":"","meta":{"footnotes":""},"class_list":["post-422","page","type-page","status-publish","has-post-thumbnail","hentry"],"_links":{"self":[{"href":"http:\/\/www.kmse.se\/index\/wp-json\/wp\/v2\/pages\/422","targetHints":{"allow":["GET"]}}],"collection":[{"href":"http:\/\/www.kmse.se\/index\/wp-json\/wp\/v2\/pages"}],"about":[{"href":"http:\/\/www.kmse.se\/index\/wp-json\/wp\/v2\/types\/page"}],"author":[{"embeddable":true,"href":"http:\/\/www.kmse.se\/index\/wp-json\/wp\/v2\/users\/1"}],"replies":[{"embeddable":true,"href":"http:\/\/www.kmse.se\/index\/wp-json\/wp\/v2\/comments?post=422"}],"version-history":[{"count":3,"href":"http:\/\/www.kmse.se\/index\/wp-json\/wp\/v2\/pages\/422\/revisions"}],"predecessor-version":[{"id":1638,"href":"http:\/\/www.kmse.se\/index\/wp-json\/wp\/v2\/pages\/422\/revisions\/1638"}],"wp:featuredmedia":[{"embeddable":true,"href":"http:\/\/www.kmse.se\/index\/wp-json\/wp\/v2\/media\/1559"}],"wp:attachment":[{"href":"http:\/\/www.kmse.se\/index\/wp-json\/wp\/v2\/media?parent=422"}],"curies":[{"name":"wp","href":"https:\/\/api.w.org\/{rel}","templated":true}]}}